en w(-5) is divided by 195/10 - 6/(-4)?
17
Let d(y) = -y**3 + 6*y**2 - 3*y + 6. Let g = -40 + 70. Calculate the remainder when g is divided by d(5).
14
Suppose -2*x + 345 = -3. Let s = 152 - 117. What is the remainder when x is divided by s?
34
Suppose -4*n = -5*n + 67. Calculate the remainder when n is divided by (1 - (-6)/2)*7/2.
11
Let m be ((-84)/10)/(4/(-10)). What is the remainder when 58 is divided by (-186)/(-9) - (-7)/m?
16
Let j(c) = 3*c**2 + 2*c + 6. What is the remainder when j(5) is divided by (-148)/(-6) - 36/54?
19
Let p(v) = -v + 1. Let t be 4*(-12)/(-16) - 6. Let k be p(t). Suppose k*g - 5*g = -23. Calculate the remainder when g is divided by 6.
5
Let m = -1169 - -1539. What is the remainder when m is divided by 18?
10
Let b(f) = f**3 - 4*f**2 - 8*f + 2. What is the remainder when 99 is divided by b(6)?
21
Let h(u) = u**2 - 23*u - 4*u**2 + 2 - 7 - 3. What is the remainder when 9 is divided by h(-7)?
3
Suppose 0 = -z + 3*z - 4, v - 4*z - 26 = 0. Suppose -v = -q + 68. Suppose k = -4*y + 42, 146 = 7*k - 2*k + 4*y. Calculate the remainder when q is divided by k.
24
Let q = -137 - -186. Calculate the remainder when q is divided by 8.
1
Let v(y) = y**2 + 7*y - 5. Suppose -14*d + 11*d = 24. What is the remainder when 3 is divided by v(d)?
0
Let g(t) = -t**2 + 22*t - 47. What is the remainder when 271 is divided by g(13)?
61
Let z(w) be the first derivative of 0*w**2 + 1/4*w**4 + 4*w**3 - 7 + 17*w. What is the remainder when 65 is divided by z(-12)?
14
Let f = 26 - 24. Suppose -3*w = 2*u - 65, f*w - 7*w + 5 = 0. Let m = 0 + u. What is the remainder when m is divided by 11?
9
Suppose 3*a = 5*o + 74, 28 = 5*o + 3. What is the remainder when a is divided by 9?
6
Suppose 155 = 8*d - 21. What is the remainder when 1095 is divided by d?
17
Suppose -5*z = 2*q - 15 - 70, -z = 5. Calculate the remainder when q is divided by 14.
13
Suppose -1 = -3*w + 5. Suppose 0 = -w*i + 5*d + 52, -2*d + 39 = i + 2*d. What is the remainder when i is divided by 11?
9
Let q be (-72)/2 - (-2 - -4). Let d = 68 + q. What is the remainder when d is divided by ((-12)/7)/((-15)/70)?
6
Let i = 82 - 57. Suppose 231*r = 239*r. Suppose r = 3*w - g - 60, 2*w + 2*g - 23 - i = 0. Calculate the remainder when w is divided by 6.
3
What is the remainder when 75 - (-3 - 28/(-4)) is divided by 36?
35
Let s = -18 - -20. Suppose 3*q - 4*q + s = 0. What is the remainder when q is divided by 2?
0
Let q = 106 - 9. What is the remainder when 483 is divided by q?
95
Let l = 213 + -138. Suppose -3*t - 4*f = 107, 2*t + 38 = -3*f - 32. Let h = l + t. What is the remainder when h is divided by 9?
7
Let y(k) = k**2 + 9*k - 7. Let d be y(-11). Let q = 24 - d. Suppose -30 = -0*a - 2*a. What is the remainder when a is divided by q?
6
Let h = 80 + -45. Let k(v) = 2*v**2 + 3*v + 15. Let p be k(-6). Suppose 4*z + 21 = p. Calculate the remainder when h is divided by z.
11
Suppose -6*s - 160 = -11*s. Let h = 42 - s. What is the remainder when h is divided by 7?
3
What is the remainder when 98 is divided by (22 - -5)*4/6?
8
Let d = -32 - -59. Let m be 325/15 + 36/27. Suppose -m*n + d*n = 28. What is the remainder when 11 is divided by n?
4
Suppose 5*d - 3*q = 24, 4*d - 25 - 3 = -2*q. Let p be 2*-5*d/4. What is the remainder when ((-20)/12)/(1/p) is divided by 13?
12
What is the remainder when 267 is divided by (((-6075)/6)/(-15))/(3/4)?
87
Suppose 8*g = 38*g - 10740. Calculate the remainder when g is divided by 121.
116
Let q = -27 + 68. Suppose -7 = -156*i + 155*i. What is the remainder when q is divided by i?
6
Let i = 185 - 164. Let h(f) be the second derivative of -f**5/20 - f**4/4 - f**3/2 + f**2 - f. Calculate the remainder when i is divided by h(-3).
10
Let o(h) = h**3 - 4*h**2 + 3*h + 4. Let m be o(3). Suppose -4*a + 118 = z - 3*z, 2*a = -m*z + 64. Calculate the remainder when a is divided by 8.
6
Let w(v) = 5*v + 449. What is the remainder when w(-32) is divided by 45?
19
Let w(c) = 59*c**3 + 3*c**2 + 4*c + 4. Let f be w(-2). What is the remainder when 53 is divided by f/(-26) + (-4)/(-26)?
17
Let w = 493 + -470. Calculate the remainder when 30 is divided by w.
7
Suppose -5*o = -2*o + y - 34, -39 = -4*o + 5*y. Let r = -47 - -156. Calculate the remainder when r is divided by o.
10
Suppose 165 - 50 = h - 4*n, -4*h + 4*n + 436 = 0. Suppose 106*d + 192 = h*d. What is the remainder when d is divided by 39?
36
Let i be ((-35)/10)/((-2)/4). Let q = i + 6. Suppose 4*a = -2*u + u + 152, u - 4 = 0. What is the remainder when a is divided by q?
11
Suppose 3*x + 3 = 0, -8*n = -11*n + 5*x + 80. Calculate the remainder when 91 is divided by n.
16
Suppose 16*h - 14*h + 84 = 0. Let n = 84 + h. Calculate the remainder when n is divided by 15.
12
Suppose -3*f - 52*c + 48*c + 40 = 0, -2*f + c = -23. What is the remainder when 44 is divided by f?
8
Suppose -c - 3*n - 15 = -77, n = c - 46. Calculate the remainder when 548 is divided by c.
48
Let o(d) = 9*d**2 + d - 1. Calculate the remainder when o(-3) is divided by -54*(5/5)/(-2).
23
Calculate the remainder when 535 is divided by 42/(-35)*(-45 - 0).
49
Suppose 30 - 198 = -12*f. Calculate the remainder when 2/f*-1 + 648/28 is divided by 4/(-6)*(-39)/2.
10
Let d be (-137)/(3 + -4) - (5 - 7). Suppose d = 4*g - 29. Calculate the remainder when g is divided by 15.
12
Let s = 20 + -12. Suppose 0 = 4*w - 5 + 1, -2*w = 3*k - 14. Suppose -4*v + 3*z = -104, -4*v + k*z = -0*z - 108. Calculate the remainder when v is divided by s.
7
Let c = 35 + -23. Let x be -2 + 6*4 + 4. Suppose -3*r + 109 = -x. Calculate the remainder when r is divided by c.
9
Let u = -66 + 60. What is the remainder when 1/u*(-375 + 9) is divided by 17?
10
Suppose -10 - 18 = -m. Let r = -792 - -1132. Let v = r + -231. What is the remainder when v is divided by m?
25
Let n = -38 - -74. Let f = -7 + n. Let p(q) = 15*q - 59. Calculate the remainder when f is divided by p(5).
13
Suppose 1 = f, -4*c = -c + 5*f - 44. Let o = 25 - c. What is the remainder when 33 is divided by o?
9
Let y(t) = -26*t + 129. Calculate the remainder when y(-7) is divided by 151.
9
Let t(y) = 0*y**2 + 5*y + 30 - 28 - 2*y**2 + y**2. Suppose 45 = 2*c + 39. Calculate the remainder when t(3) is divided by c.
2
Let s(b) = 46 - 22*b + b**2 - 24*b + 47*b. Calculate the remainder when s(0) is divided by 16.
14
Let z(x) = 5*x - 3. Let w be z(3). Let i = -9 + w. Suppose -17 + 5 = -i*m. What is the remainder when m is divided by 4?
0
Suppose -4*y - 60 = -2*r, 2*r - 47 - 7 = 2*y. What is the remainder when r is divided by 1909/83 + (-10 - 0)?
11
Calculate the remainder when (-10 + 15)*372/20 is divided by 51.
42
Suppose 3*k - 2 = 25. Suppose q - 20 = k. Suppose -71 = -3*f - q. What is the remainder when 54 is divided by f?
12
Let v be (4/8)/(3/(-6)). Let i = v + 11. What is the remainder when 39 is divided by i?
9
Let q = 130 + -92. Let l = q + -26. What is the remainder when 21 is divided by l?
9
Let f = -26 + 28. Let o(w) = 20*w + 2. Calculate the remainder when o(f) is divided by 11.
9
Suppose 0 = -4*p + 23 + 1. Let n be 1305/p + (-3)/6. Calculate the remainder when n/5 - (-3)/5 is divided by 15.
14
Suppose 0*o + 4*x = -o + 20, 0 = -3*x + 6. Let u be (-129)/(-9) - (-8)/o. Let d = u + -7. Calculate the remainder when 29 is divided by d.
5
Let j(l) = l**2 - 16. Let z = 52 + -45. Calculate the remainder when j(z) is divided by (-2)/2*24/(-2).
9
Let g(s) = 2*s + 1. Let x be g(1). Suppose x*d - 9*d = -174. What is the remainder when d is divided by 10?
9
Calculate the remainder when -2 + 196 + 9 + -5 is divided by 20.
18
Suppose 32 = 2*u + 4*m, 5*u - 131 = 4*m - 9. Let l = -17 + u. Calculate the remainder when 8 is divided by l.
3
Let p be ((-4)/(-14))/(10/70). Suppose -4 = -p*m + m. Suppose -g - m = -16. What is the remainder when 47 is divided by g?
11
Suppose 4*h - 4*f - 20 = 0, -3*f - 15 = -2*h - 4. Calculate the remainder when 1*-3 - 2/(h/(-90)) is divided by 11.
9
Let u(i) = i**3 + 7*i**2 - 8*i - 4. Let z be u(-8). Suppose 0 = 2*s + 2, -2*f - 2*s - 119 - 123 = 0. Calculate the remainder when 57 is divided by (4/10)/(z/f).
9
Suppose 2*k = -215 + 309. Calculate the remainder when 59 is divided by k.
12
Let n = -3037 + 3075. What is the remainder when 368 is divided by n?
26
Suppose 0 = 3*w - 2*c - c - 36, -w = -4*c - 21. Let j(n) = n**